{"id":5,"date":"2012-01-07T19:12:12","date_gmt":"2012-01-07T19:12:12","guid":{"rendered":"https:\/\/enriquericci.com\/?page_id=5"},"modified":"2024-03-21T17:12:01","modified_gmt":"2024-03-21T17:12:01","slug":"biografia","status":"publish","type":"page","link":"https:\/\/enriquericci.com\/","title":{"rendered":"BIOGRAF\u00cdA"},"content":{"rendered":"\n<p>Nacido en Buenos Aires y naturalizado espa\u00f1ol, Enrique Ricci ha vivido alternativamente entre Buenos Aires y Barcelona, vinculado siempre con el Teatro Col\u00f3n y con el Gran Teatro del Liceo, del que llegara a ser Consejero Art\u00edstico y Musical.<\/p>\n\n\n\n<p>Su actividad internacional lo llev\u00f3 a dirigir la &nbsp;National Symphony&nbsp; en Washington D.C., as\u00ed como en New York, Los Angeles, Miami, Columbia y tambi\u00e9n Montreal. Al frente de la Royal Philharmonic y la BBC Concert Orchestra tuvo a su cargo conciertos en Londres, Birmingham y Sheffield. Dirigi\u00f3 la Sinf\u00f3nica de Munich, y en ciudades alemanas como Dortmund, Essen, Kiel, Munster, Wiesbaden, Regensburg, Herdford y Halle. Se present\u00f3 en Suecia (G\u00f6teborg), Holanda (Rotterdam y Eindhoven), y ciudades de Austria y Polonia.<\/p>\n\n\n\n<p>Ha dirigido la Filarm\u00f3nica Checa, la Filarm\u00f3nica Jan\u00e1cek (incluyendo el Festival Internacional de M\u00fasica de Ostrava), la Filarm\u00f3nica Morava, la Philharmonia Hungarica, la Sinf\u00f3nica de Estonia, la Orquesta del Festival de Ljubljana, las orquestas de la Radio Danesa en Copenhagen y&nbsp;de la Radio Noruega en Oslo, la Orquesta de C\u00e1mara de Bologna, y as\u00ed como varias orquestas espa\u00f1olas: la Orquesta del Gran Teatro del Liceo y la OBC de Barcelona, las de Ciudad de M\u00e1laga y Ciudad de Granada; en Galicia, Asturias, Euskadi, Baleares, Tenerife, etc. Se ha presentado repetidas veces en Turqu\u00eda con las orquestas de Ankara e Izmir (Gala Verdi en el Antiguo Teatro de Ephesus), con el Coro y la Orquesta de la Opera Nacional de China en Beijing, con la Sinf\u00f3nica de la KBS de Seul, la Sinf\u00f3nica de Singapur y la Filarm\u00f3nica de Filipinas.<\/p>\n\n\n\n<p>En Latinoam\u00e9rica ha dirigido \u00f3peras y conciertos sinf\u00f3nicos en M\u00e9xico, Costa Rica (incluyendo las funciones del Centenario del Teatro Nacional), Venezuela, Colombia y Per\u00fa; en Chile, donde fuera director titular de la Orquesta Filarm\u00f3nica de Santiago; en Brasil, Uruguay, y&nbsp; Argentina en &nbsp;numerosas temporadas del Teatro Col\u00f3n de Buenos Aires, al frente de cuya Opera de C\u00e1mara realizara tambi\u00e9n varias giras internacionales. Ricci fue Director Titular de la Orquesta Juvenil de Radio Nacional y distinguido en 1978 como uno de los \u201cDiez J\u00f3venes Sobresalientes\u201d de la Rep\u00fablica Argentina.<\/p>\n\n\n\n<p>Durante varios a\u00f1os Ricci ha dedicado especial atenci\u00f3n a su colaboraci\u00f3n con el tenor Jos\u00e9 Carreras, en conciertos oper\u00edsticos, megaconciertos y recitales, ante audiencias multitudinarias como el Royal Albert Hall de Londres, la Arena de Verona, el Rudolfinum de Praga, la Philharmonia y el Olympiahalle de Munich, el Spektrum de Oslo, el Centro Cultural de Seul, el Centro Nacional para las Artes y la Gran Sala del Pueblo de Beijing, el Centro para las Artes de Hong Kong, la Opera de San Diego, el Teatro Griego de Los Angeles, el Radio City de Nueva York, el Forum Centre de Montreal y el Teatro de Bellas Artes de M\u00e9xico. Ricci ha dirigido tambi\u00e9n el CD \u201cZarzuelas\u201d con Carreras y la English Chamber Orchestra.<\/p>\n\n\n\n<p>Es bien conocida su reputaci\u00f3n como pianista acompa\u00f1ante de recitales y conciertos con orquesta, habi\u00e9ndose presentado junto a figuras como Victoria de los Angeles, Montserrat Caball\u00e9, Alfredo Kraus, Nicolai Gedda, Regine Crespin, Renato Bruson, Hermann Prey, Ghena Dimitrova, Nicolai Ghiaurov, Elena Obraztsova, Nicola Ghiuselev, Irina Arkhipova, Luigi Alva, Martina Arroyo, Jess Thomas, Heather Harper; y m\u00e1s recientemente Peter Schreier, Wolfgang Brendel, Agnes Baltsa, Karita Mattila, Olga Borodina, Francisco Araiza, Ram\u00f3n Vargas, Jaume Aragall (con quien grab\u00f3 tambi\u00e9n un CD al frente de la Orquesta Nacional de &nbsp;Andorra), y en una serie de presentaciones especiales: Giuseppe di Stefano.<\/p>\n\n\n\n<p>Ricci ha compartido tambi\u00e9n recitales y giras de conciertos con instrumentistas de la talla de Leonard Rose, Janos Starker, Andr\u00e9 Navarra, Boris Pergamenschikov y Christine Walevska entre los violoncelistas; con violinistas como Uto Ughi, Ion Voicu, Alberto Lysy y Ruggiero Ricci; con Aur\u00e8le Nicolet y Peter Lukas Graf entre los flautistas, con el Cuarteto Amadeus, el Cuarteto Kodaly y el Nuevo Cuarteto Italiano; en recitales de piano a cuatro manos con el &nbsp;Mtro.Peter Maag, etc.<\/p>\n\n\n\n<p>Ha sido jurado y director musical en numerosos concursos internacionales, y ha realizado en varios pa\u00edses master classes para cantantes y pianistas acompa\u00f1antes. Fue profesor de Repertorio L\u00edrico en la ESMUC de Barcelona y de Acompa\u00f1amiento Vocal y Repertorio Vocal y Estil\u00edstico en el MUSIKENE de San Sebasti\u00e1n, as\u00ed como del Instituto Superior de Arte del Teatro Col\u00f3n de Buenos Aires.<\/p>\n\n\n\n<p>Rev. 2019<\/p>\n\n\n\n<p><\/p>\n\n\n\n<p><strong>M\u00c1S BIO \/&nbsp;Rev. 2019<\/strong><\/p>\n\n\n\n<p><a title=\"ENRIQUE RICCI Y EL TEATRO COLON\" href=\"https:\/\/enriquericci.com\/textos\/Enrique_Ricci_Teatro_Colon.pdf\" target=\"_blank\" rel=\"noopener\">ENRIQUE RICCI Y EL TEATRO COL\u00d3N<\/a>&nbsp;(Buenos Aires \/ Argentina)<\/p>\n\n\n\n<p><a title=\"ENRIQUE RICCI Y LATINOAM\u00c9RICA\" href=\"https:\/\/enriquericci.com\/textos\/Enrique_Ricci_Latinoamerica.pdf\" target=\"_blank\" rel=\"noopener\">ENRIQUE RICCI Y LATINOAM\u00c9RICA&nbsp;<\/a><a title=\"ENRIQUE RICCI Y LATINOAM\u00c9RICA\" href=\"https:\/\/enriquericci.com\/textos\/Enrique_Ricci_Latinoamerica.pdf\" target=\"_blank\" rel=\"noopener\">&nbsp;<\/a>(Argentina, Uruguay, Brasil, Per\u00fa y M\u00e9xico)<\/p>\n\n\n\n<p><\/p>\n\n\n\n<p>&nbsp;<\/p>\n","protected":false},"excerpt":{"rendered":"<p>Nacido en Buenos Aires y naturalizado espa\u00f1ol, Enrique Ricci ha vivido alternativamente entre Buenos Aires y Barcelona, vinculado siempre con el Teatro Col\u00f3n y con el Gran Teatro del Liceo, del que llegara a ser Consejero Art\u00edstico y Musical. Su &hellip; <a href=\"https:\/\/enriquericci.com\/\">Sigue leyendo <span class=\"meta-nav\">&rarr;<\/span><\/a><\/p>\n","protected":false},"author":1,"featured_media":0,"parent":0,"menu_order":1,"comment_status":"closed","ping_status":"closed","template":"","meta":{"ngg_post_thumbnail":0,"footnotes":""},"class_list":["post-5","page","type-page","status-publish","hentry"],"_links":{"self":[{"href":"https:\/\/enriquericci.com\/index.php?rest_route=\/wp\/v2\/pages\/5"}],"collection":[{"href":"https:\/\/enriquericci.com\/index.php?rest_route=\/wp\/v2\/pages"}],"about":[{"href":"https:\/\/enriquericci.com\/index.php?rest_route=\/wp\/v2\/types\/page"}],"author":[{"embeddable":true,"href":"https:\/\/enriquericci.com\/index.php?rest_route=\/wp\/v2\/users\/1"}],"replies":[{"embeddable":true,"href":"https:\/\/enriquericci.com\/index.php?rest_route=%2Fwp%2Fv2%2Fcomments&post=5"}],"version-history":[{"count":7,"href":"https:\/\/enriquericci.com\/index.php?rest_route=\/wp\/v2\/pages\/5\/revisions"}],"predecessor-version":[{"id":476,"href":"https:\/\/enriquericci.com\/index.php?rest_route=\/wp\/v2\/pages\/5\/revisions\/476"}],"wp:attachment":[{"href":"https:\/\/enriquericci.com\/index.php?rest_route=%2Fwp%2Fv2%2Fmedia&parent=5"}],"curies":[{"name":"wp","href":"https:\/\/api.w.org\/{rel}","templated":true}]}}