{"id":16,"date":"2012-01-07T19:18:09","date_gmt":"2012-01-07T19:18:09","guid":{"rendered":"https:\/\/enriquericci.com\/?page_id=16"},"modified":"2024-03-21T17:26:29","modified_gmt":"2024-03-21T17:26:29","slug":"master-classes","status":"publish","type":"page","link":"https:\/\/enriquericci.com\/?page_id=16","title":{"rendered":"MASTER CLASSES"},"content":{"rendered":"<p><span style=\"font-size: revert; text-align: justify;\">La tarea docente de forma regular o bien a trav\u00e9s de Cursos o Master Classes de Repertorio L\u00edrico para cantantes tuvo para m\u00ed su inicio en el Instituto Superior de Arte del Teatro Col\u00f3n de Buenos Aires, y luego en instituciones oficiales y privadas de M\u00e9xico, Per\u00fa y Uruguay.<\/span><\/p>\n<div style=\"text-align: justify;\">\n<p>En a\u00f1os m\u00e1s recientes en&nbsp;el Institut Andorr\u00e1 d\u2019Estudis Musicals, que adem\u00e1s de alumnos locales convoc\u00f3 tambi\u00e9n provenientes de Espa\u00f1a y Francia; en la&nbsp;ESMUC (Escola Superior de M\u00fasica de Catalunya) en Barcelona, y finalmente en el MUSIKENE (Centro Superior de&nbsp;M\u00fasica del&nbsp;Pa\u00eds Vasco) en San Sebasti\u00e1n.&nbsp;En dicho Centro, una labor muy exclusiva correspondi\u00f3 a los cursos superiores de la carrera de Piano y a trav\u00e9s de&nbsp;la c\u00e1tedra de Acompa\u00f1amiento Vocal: &nbsp;un estudio&nbsp;de neto perfil profesional para valorizar la especialidad, y preparar tambi\u00e9n una salida laboral cada vez m\u00e1s requerida&nbsp;en todo el medio l\u00edrico internacional.<\/p>\n<p>Muy apreciadas e igualmente concurridas fueron las Master Classes ofrecidas en el Festival de verano de \u201cLe Mesnil des Arts\u201d (2012) en el P\u00e9rigord, Francia.<\/p>\n<p>&nbsp;<\/p>\n<p>Enrique Ricci<\/p>\n<\/div>\n<p style=\"text-align: justify;\">&nbsp;<\/p>\n","protected":false},"excerpt":{"rendered":"<p>La tarea docente de forma regular o bien a trav\u00e9s de Cursos o Master Classes de Repertorio L\u00edrico para cantantes tuvo para m\u00ed su inicio en el Instituto Superior de Arte del Teatro Col\u00f3n de Buenos Aires, y luego en &hellip; <a href=\"https:\/\/enriquericci.com\/?page_id=16\">Sigue leyendo <span class=\"meta-nav\">&rarr;<\/span><\/a><\/p>\n","protected":false},"author":1,"featured_media":0,"parent":0,"menu_order":3,"comment_status":"closed","ping_status":"closed","template":"","meta":{"ngg_post_thumbnail":0,"footnotes":""},"class_list":["post-16","page","type-page","status-publish","hentry"],"_links":{"self":[{"href":"https:\/\/enriquericci.com\/index.php?rest_route=\/wp\/v2\/pages\/16"}],"collection":[{"href":"https:\/\/enriquericci.com\/index.php?rest_route=\/wp\/v2\/pages"}],"about":[{"href":"https:\/\/enriquericci.com\/index.php?rest_route=\/wp\/v2\/types\/page"}],"author":[{"embeddable":true,"href":"https:\/\/enriquericci.com\/index.php?rest_route=\/wp\/v2\/users\/1"}],"replies":[{"embeddable":true,"href":"https:\/\/enriquericci.com\/index.php?rest_route=%2Fwp%2Fv2%2Fcomments&post=16"}],"version-history":[{"count":5,"href":"https:\/\/enriquericci.com\/index.php?rest_route=\/wp\/v2\/pages\/16\/revisions"}],"predecessor-version":[{"id":482,"href":"https:\/\/enriquericci.com\/index.php?rest_route=\/wp\/v2\/pages\/16\/revisions\/482"}],"wp:attachment":[{"href":"https:\/\/enriquericci.com\/index.php?rest_route=%2Fwp%2Fv2%2Fmedia&parent=16"}],"curies":[{"name":"wp","href":"https:\/\/api.w.org\/{rel}","templated":true}]}}